s 9 a factor of 282977154?
True
Is 135 a factor of 14059845?
True
Is 245535850 a multiple of 14?
True
Does 257 divide 735037733?
True
Is 306 a factor of 84463344?
True
Does 167 divide 284882940?
False
Does 2 divide 474062?
True
Is 10 a factor of 205787428?
False
Is 107947811 a multiple of 4?
False
Does 7 divide 8843163?
True
Does 1296 divide 125195935?
False
Does 43 divide 10669633?
True
Is 117 a factor of 2151096905?
False
Is 483 a factor of 148823892?
True
Is 19 a factor of 3821623?
False
Does 29 divide 470692388?
True
Is 4502974740 a multiple of 4884?
True
Does 95 divide 3244076?
False
Is 272 a factor of 106339271?
False
Is 437893925 a multiple of 35?
True
Does 4318 divide 306760753?
False
Is 511327384 a multiple of 134?
True
Is 125429494 a multiple of 2554?
True
Is 7 a factor of 139881413?
True
Does 61 divide 83523823?
True
Is 637714814 a multiple of 167?
False
Is 21173828 a multiple of 1102?
True
Is 240 a factor of 125163120?
True
Is 10 a factor of 345044130?
True
Does 1217 divide 34451630?
False
Is 21 a factor of 1980193530?
True
Is 30 a factor of 1481430?
True
Does 32 divide 140675136?
True
Does 127 divide 800455981?
True
Is 2 a factor of 64274348?
True
Is 732 a factor of 282418776?
True
Is 531 a factor of 50822010?
True
Does 19 divide 485174386?
True
Does 905 divide 4553193076?
False
Is 32 a factor of 2848114558?
False
Is 112 a factor of 40884270?
False
Does 426 divide 64804943?
False
Is 41983288 a multiple of 123?
False
Is 47121453 a multiple of 3156?
False
Is 89276400 a multiple of 150?
True
Does 1283 divide 1960424?
True
Does 12 divide 211033017?
False
Does 1784 divide 76826176?
True
Is 837 a factor of 55784338?
False
Is 2447 a factor of 207593329?
False
Is 233155019 a multiple of 6?
False
Is 701 a factor of 490399972?
True
Is 187660536 a multiple of 168?
True
Is 1030 a factor of 156004830?
True
Is 8933251 a multiple of 9?
False
Is 230635901 a multiple of 23?
False
Is 166 a factor of 309895938?
True
Is 27094363 a multiple of 50?
False
Is 20177551 a multiple of 6?
False
Does 32 divide 1271371872?
True
Is 47 a factor of 84844942?
False
Is 2505 a factor of 40364960?
False
Is 574019541 a multiple of 27?
True
Does 12 divide 22320276?
True
Does 29 divide 4930898?
False
Does 72 divide 1991267334?
False
Is 29364334 a multiple of 662?
True
Is 935 a factor of 113383710?
True
Is 20 a factor of 39230?
False
Is 795 a factor of 19896615?
False
Is 158679738 a multiple of 520?
False
Is 100977620 a multiple of 340?
True
Is 138650628 a multiple of 204?
False
Is 424616500 a multiple of 3157?
True
Is 88704448 a multiple of 14?
True
Is 8282279 a multiple of 81?
False
Is 2868607257 a multiple of 1779?
True
Does 6982 divide 1143826150?
True
Does 193 divide 39991337?
True
Is 39 a factor of 91514928?
False
Is 15454110 a multiple of 11?
False
Is 125327237 a multiple of 3105?
False
Is 1155791960 a multiple of 710?
True
Is 14 a factor of 30126750?
False
Does 21 divide 64724646?
True
Is 523497 a multiple of 2?
False
Does 2273 divide 1254203587?
False
Is 100073319 a multiple of 35?
False
Does 55 divide 346488944?
False
Does 17 divide 59586768?
True
Is 642 a factor of 243877182?
True
Is 19 a factor of 414256107?
True
Is 809 a factor of 63643221?
True
Is 351721503 a multiple of 3014?
False
Is 18204153 a multiple of 39?
False
Is 146923401 a multiple of 8?
False
Is 11 a factor of 102352074?
True
Does 115 divide 31458020?
True
Is 58780922 a multiple of 164?
False
Is 91 a factor of 222348126?
True
Is 20 a factor of 189899960?
True
Is 1463 a factor of 27964670?
False
Does 127 divide 1680355285?
False
Is 950153812 a multiple of 1436?
True
Is 860 a factor of 5613429840?
True
Is 16951197 a multiple of 15?
False
Is 123181473 a multiple of 17?
True
Does 117 divide 131569191?
True
Does 53 divide 22813701?
False
Is 32243783 a multiple of 29?
False
Is 2083 a factor of 214670561?
False
Is 493 a factor of 598057302?
False
Is 273 a factor of 24442782?
True
Does 46 divide 135280688?
False
Does 19 divide 184404291?
True
Is 2557 a factor of 47690707?
False
Is 786042 a multiple of 205?
False
Does 135 divide 342616365?
True
Does 3786 divide 137166780?
True
Is 16506381 a multiple of 11?
False
Is 8 a factor of 189716184?
True
Does 1125 divide 55139335?
False
Is 337 a factor of 225693515?
False
Is 3858 a factor of 32291460?
True
Is 1280557732 a multiple of 27?
False
Is 72 a factor of 118341394?
False
Is 5 a factor of 30592365?
True
Is 741 a factor of 26843823?
False
Is 74986800 a multiple of 8?
True
Does 118 divide 891603516?
True
Is 134099516 a multiple of 5390?
False
Is 41260997 a multiple of 893?
False
Does 18 divide 26334155?
False
Is 8 a factor of 2354974427?
False
Is 32047275 a multiple of 195?
True
Does 237 divide 918462927?
True
Is 48005238 a multiple of 219?
True
Is 23 a factor of 280090688?
True
Is 112882862 a multiple of 1458?
False
Does 143 divide 156756103?
False
Does 443 divide 679815?
False
Does 508 divide 328704237?
False
Is 159 a factor of 1159177750?
False
Is 21004103 a multiple of 12?
False
Is 443 a factor of 1357253606?
False
Is 1023231958 a multiple of 15?
False
Does 556 divide 327121937?
False
Is 872 a factor of 1970283?
False
Is 123 a factor of 152360346?
True
Does 36 divide 26061041?
False
Does 135 divide 23010758?
False
Is 353611391 a multiple of 49?
True
Is 326 a factor of 142494926?
True
Does 1195 divide 104370105?
True
Is 55066568 a multiple of 227?
True
Is 2416380528 a multiple of 2064?
True
Is 113028212 a multiple of 8?
False
Is 650 a factor of 56281503?
False
Is 569531779 a multiple of 705?
False
Does 250 divide 234874774?
False
Is 28 a factor of 26157360?
False
Does 133 divide 269104609?
False
Is 69 a factor of 149385414?
True
Does 38 divide 722250?
False
Is 142 a factor of 95024128?
True
Is 1387476667 a multiple of 53?
False
Does 5417 divide 619475426?
False
Is 58617027 a multiple of 2359?
False
Is 62029519 a multiple of 16?
False
Is 5957148804 a multiple of 679?
False
Is 22 a factor of 650885649?
False
Does 2208 divide 139855758?
False
Does 535 divide 67996895?
True
Is 280 a factor of 606734240?
True
Does 646 divide 3249000424?
False
Does 7 divide 364749?
True
Is 133780812 a multiple of 869?
True
Does 98 divide 30145684?
False
Is 78 a factor of 2379512500?
False
Is 11 a factor of 1347633176?
False
Is 14 a factor of 68958120?
True
Is 298009923 a multiple of 3273?
True
Is 9355 a factor of 1560864573?
False
Is 9 a factor of 528227295?
False
Does 1962 divide 947871665?
False
Is 724879362 a multiple of 471?
True
Does 1789 divide 1833225869?
True
Is 88 a factor of 118046329?
False
Is 24 a factor of 1480673256?
True
Is 4396832847 a multiple of 1741?
False
Is 62515925 a multiple of 25?
True
Is 7434 a factor of 768244428?
True
Is 1184910384 a multiple of 6249?
True
Is 290160624 a multiple of 13?
True
Is 4 a factor of 16712269?
False
Does 900 divide 64455300?
True
Is 23481622 a multiple of 958?
False
Does 469 divide 580869632?
True
Is 1888553474 a multiple of 1688?
False
Does 15117 divide 6376335483?
True
Is 49269151 a multiple of 23?
True
Does 70 divide 722303638?
False
Does 28 divide 178984708?
True
Is 16272672 a multiple of 12?
True
Does 20 divide 83099746?
False
Does 42 divide 92925713?
False
Does 277 divide 502478?
True
Does 2775 divide 2841600?
True
Is 106738427 a multiple of 1947?
False
Does 15 divide 57349890?
True
Is 5443577 a multiple of 400?
False
Is 77267030 a multiple of 22?
False
Does 430 divide 70587007?
False
Is 24 a factor of 189157054?
False
Is 9826032 a multiple of 761?
True
Is 10 a factor of 1622325663?
False
Is 280080262 a multiple of 39?
False
Is 4073163388 a multiple of 683?
True
Is 593 a factor of 13365034?
True
Is 638 a factor of 29064090?
True
Is 22 a factor of 477015?
False
Is 2592 a factor of 3969589257?
False
Is 2524 a factor of 743413912?
True
Is 526 a factor of 39821882?
True
Is 25129520 a multiple of 331?
True
Is 34 a factor of 60413002?
True
Is 19 a factor of 102379481?
False
Is 116276085 a multiple of 43?
True
Is 818539824 a multiple of 35?
False
Is 3791222 a multiple of 118?
True
Is 11 a factor of 124345606?
True
Is 460801312 a multiple of 1042?
False
Does 125 divide 650137814?
False
Is 330 a factor of 7882380?
True
Is 28296072 a multiple of 126?
True
Is 442 a factor of 75221785?
False
Does 119 divide 17011047?
False
Is 2891